te the remainder when 67 is divided by 8/g - 440/(-24).
16
Let o(t) = 32*t**3 + 6*t**2 - 6*t + 2. Calculate the remainder when o(2) is divided by 21.
18
Suppose 11*v + 664 = 59. Suppose p - 2*p + 47 = -5*o, -2*p = -5*o - 79. Calculate the remainder when p is divided by (-1)/(0 + 5/v).
10
Suppose -2*o = -2*q - 222, -5*o + 4*q - 436 = -9*o. Calculate the remainder when o is divided by 57.
53
Let u(i) = 94*i**2 - 10*i - 10. What is the remainder when u(-1) is divided by 48?
46
Let t(l) = -l**3 - 8*l**2 - 10*l + 18. What is the remainder when 50 is divided by t(-6)?
2
Let l = -102 - -102. Calculate the remainder when 59 is divided by (l + 4)/(17/85).
19
Let d = -1 + -2. Calculate the remainder when ((-48)/(-32))/((-3)/(-76)) is divided by (-17 + 0)*-1 + d.
10
Let t be 232/(-14) - 57/133. What is the remainder when 118 is divided by (-676)/(-34) - 2/t?
18
Suppose -l + 2*h - 1 = 0, -l + 1 = -5*h + 17. Suppose -2*t = f - 0 - 11, 0 = -3*t - 5*f + 13. Calculate the remainder when l is divided by t.
3
Let f(s) = s**3 + 2*s**2 - s - 1. Let v be f(-2). Let k = -49 - -60. Calculate the remainder when v/2 - 59/(-2) is divided by k.
8
Suppose 2 = -c - 6. Let b = 18 + c. What is the remainder when 48 is divided by b?
8
Suppose -5*s + 2*s + 77 = -z, -5*s = 4*z + 240. Let m = -59 - z. What is the remainder when 9 is divided by m?
3
Let p be 3/(-1) + (-12)/(-4). Suppose p*x = x. Let h = x + 27. What is the remainder when h is divided by 14?
13
Let c(g) = g**3 - 4*g**2 + 5*g + 6. Let d be (-7)/(-35) - 48/(-10). What is the remainder when 108 is divided by c(d)?
52
Let v(t) = -15*t + 26. What is the remainder when v(-5) is divided by 35?
31
Suppose -12 = -3*k - 0*k. Suppose 0 = 4*a + 2*s - 138, -k*s + 180 = 5*a - 3*s. Let f = 260 - 240. What is the remainder when a is divided by f?
17
Let l = 19 + -25. Let q = 75 + l. Calculate the remainder when q is divided by 18.
15
Let d(c) = c. Let s be d(4). Let f = 3 - -9. Calculate the remainder when (-2)/(-24)*69*s is divided by f.
11
Let s(d) = -d - 2. Let w be s(0). Suppose 13*j + 117 = 26*j. What is the remainder when j is divided by (w + -4)/(0 - 2)?
0
Let p(z) = z**3 + 2*z**2 - 2*z + 3. What is the remainder when p(4) is divided by 31?
29
Let a = 20 + -20. Suppose -5*h + 2*h - 3 = a, 3*k - h = 46. Suppose -4*w = -5*w + 58. Calculate the remainder when w is divided by k.
13
What is the remainder when 164 is divided by -5*6*168/(-140)?
20
Let f(l) = 11*l**2 + l - 1. Let w be f(1). Let h(i) = -4*i + 3*i - w - 3*i. What is the remainder when h(-17) is divided by 15?
12
Let t be (-3)/(-9) - (19/3 - -1). What is the remainder when (t - -23) + 2/2 is divided by 9?
8
Let d = 15 - 19. Let z = 13 - d. Calculate the remainder when 48 is divided by z.
14
Let r(u) = -u + 50. Let b be r(-21). Suppose h + 7 = b. Calculate the remainder when h is divided by (-110)/4*8/(-10).
20
Suppose -89 = -3*p + 29*u - 28*u, -2 = u. Calculate the remainder when p is divided by 10.
9
Let o(q) = q**3 - 6*q - 15. Let m be o(-4). Let v = -28 - m. Calculate the remainder when v is divided by 17.
10
Let q(z) = -13*z - 10. Let i(f) = 4*f + 3. Let o(a) = 7*i(a) + 2*q(a). What is the remainder when 11 is divided by o(3)?
4
Suppose 26 - 41 = -5*y. Suppose -5*d + 0*d = o - 19, y*o = 4*d - 19. Let x(m) = -21*m - 2. Calculate the remainder when 35 is divided by x(o).
16
Let i(a) = -5 + 14*a**3 - 13*a**3 + 6*a - 2*a**2 - 4*a**2. Suppose 31 + 146 = 3*z. What is the remainder when z is divided by i(6)?
28
Calculate the remainder when 30584/12 + (32/12)/2 is divided by 23.
20
Let l = -203 + 222. Calculate the remainder when 55 is divided by l.
17
Suppose 3*n - 181 = 5*d + 149, 516 = 5*n + 3*d. Calculate the remainder when 524 is divided by n.
104
Suppose -95*z = -92*z - 15. Calculate the remainder when 723 is divided by z.
3
Suppose -140 + 41 = -2*o + 3*d, -3*o + 3*d = -156. Let g(l) = 3*l**2 - 3*l - 3. Let p = -37 + 40. What is the remainder when o is divided by g(p)?
12
Suppose -3*u + 2*d + 18 + 55 = 0, 0 = -4*u - 5*d + 128. Suppose 3*q + 3*h = 30, 0 = 5*q - 5*h + 4 - 54. What is the remainder when u is divided by q?
7
Suppose 0 = -3*s + 3*w + w + 165, -3*s + 165 = 4*w. Let j(l) = -l - 8. Let n be j(5). Let t = 27 + n. What is the remainder when s is divided by t?
13
Suppose 4*c = 5*f - 81, -4*c + 24 - 1 = 3*f. Suppose 7*x - 2*x - 59 = -a, 0 = 5*a + 5*x - 255. What is the remainder when a is divided by f?
10
Let s be (-2)/(-4 + 104/28). Suppose 0 = 8*r - s*r - 4. Calculate the remainder when 7 is divided by r.
3
Calculate the remainder when (-28)/((0 + 2)/(-14)) is divided by 101.
95
Let h(n) = -n**3 - 11*n**2 - 9*n - 12. Let c be h(-10). Let o = 68 + c. Calculate the remainder when 135 is divided by o.
43
Let g(u) = -u**3 - 27*u**2 - 25*u + 73. Calculate the remainder when g(-26) is divided by 1 + 1 + (1 - -9).
11
Let s(b) = 11*b + 2. Let o(f) = 21*f + 3. Let t(i) = -4*o(i) + 7*s(i). Suppose 0*p + 7*p - 203 = 0. Calculate the remainder when p is divided by t(-2).
13
Calculate the remainder when 20/(-2 + 7)*1 is divided by 4.
0
Calculate the remainder when (-31 + 34)/(2/36) is divided by 21.
12
Let q = 6 + -5. Let b be (-28)/(q - (-10)/(-6)). Let v = b - 30. Calculate the remainder when v is divided by 4.
0
Let m = -23 - -34. Suppose -u + m*u = 30. Calculate the remainder when 9 is divided by u.
0
Suppose 4*v - 108 = -0*v. Suppose -3*i - i = 2*x + 208, 113 = -x - 5*i. Let y = 108 + x. What is the remainder when v is divided by y?
7
Let w be 3/12*-10*4/(-1). Suppose 0*p - w*p + 270 = 0. Let j(b) = b**2 - 4*b + 3. Calculate the remainder when p is divided by j(6).
12
Suppose -17*d + 6*d - 396 = 0. Let h = -28 - d. What is the remainder when 23 is divided by h?
7
Let b(v) be the second derivative of -3*v**5/20 - 5*v**4/12 - 5*v**2/2 - 8*v. What is the remainder when b(-3) is divided by 17?
14
Let q = 20 + -4. Suppose -q = d + 3*d, 2*f + 3*d = -4. Suppose 0 = -f*x + 146 - 18. Calculate the remainder when x is divided by 17.
15
What is the remainder when 2 - (104/10)/(10/(-350)) is divided by 16?
14
Let s(j) = -j**2 - 2. Let n be s(-4). Let w be 111/4 + 2/8. Let m = w + n. Calculate the remainder when 29 is divided by m.
9
Let d = -8 + 11. Suppose d*q + 6 = 5*q. Let m(s) = 4*s - 46. Calculate the remainder when m(14) is divided by q.
1
Suppose 0 = 2*j - j - 109. Let o = -53 + 57. Suppose o*y - 84 = 3*a + 28, 4*y + 4*a = 112. What is the remainder when j is divided by y?
25
Suppose 5*v - 657 = 2*l, -4*v = v + l - 654. Calculate the remainder when v is divided by 103.
28
Suppose 166 - 5 = 2*u - l, 0 = 4*u - 4*l - 324. Let i = 17 + -23. What is the remainder when u is divided by 3/i*-54 + 0?
26
Suppose 2*n - 20 - 8 = 0. What is the remainder when (-5 + 4)*(3*1)/(75/(-2075)) is divided by n?
13
Calculate the remainder when 23 is divided by (2*(-1)/(-6))/((-2)/(-48)).
7
Suppose -4*g = -24*g + 740. Calculate the remainder when 218 is divided by g.
33
Suppose b + 6*d - 3*d = 33, 6 = 3*d. Let q = 24 - 14. Calculate the remainder when b is divided by q.
7
Let w = 363 + -345. What is the remainder when 70 is divided by w?
16
Let r(g) = g**2 - 2*g - 4. Let a(k) = 9*k + k**2 + 5 - 4*k - 2 - 4*k. What is the remainder when r(-6) is divided by a(3)?
14
What is the remainder when 23 is divided by 15/4*8/5?
5
Let g = 31 + -29. Suppose 216 = g*k + 6*k. What is the remainder when 161 is divided by k?
26
Let o = 871 + -830. What is the remainder when o is divided by 7?
6
Let t(x) = 5*x**2 - 2*x + 1. Suppose 95*y = -2*q + 91*y + 120, 3*y + 35 = q. Calculate the remainder when q is divided by t(2).
16
Let b = 41 + -28. Calculate the remainder when (b + -116)/(1*-1) is divided by 26.
25
Suppose 2*l = 0, 0*l + 56 = 4*h - 2*l. Let c(k) = 2*k**2 - 6*k + 0*k**2 - 13 + h. What is the remainder when c(5) is divided by 11?
10
Calculate the remainder when (-4*2/(-4))/(4/102) is divided by 4.
3
Let n(p) = -34*p - 179. What is the remainder when 296 is divided by n(-6)?
21
Let w(i) = 5*i - 1. Let n = -89 - -111. Calculate the remainder when n is divided by w(1).
2
Let h = -4 + 9. Suppose 3*r - 21 = -3*c, 10 = 2*c + 2*c - h*r. Let w(o) = 8*o - 3. What is the remainder when w(c) is divided by 10?
7
Suppose 2*t + 9 = 19. Suppose -5*x + x - t*f = -55, -4*x = f - 75. Calculate the remainder when 7